 the prime factors of s?
3
Let y(h) = h**3 + 4*h**2 - 3*h + 3. Let w be y(-4). Let n = 13 - w. What are the prime factors of n/(-6)*(-15)/(-1)?
5
Let c = 1669 - 1177. List the prime factors of c.
2, 3, 41
Let j = -38 + 241. Suppose 454 = 9*p - j. List the prime factors of p.
73
Let y = -3 + -10. Let f(n) be the first derivative of n**3/3 + 6*n**2 + 16*n + 21. What are the prime factors of f(y)?
29
Let m(l) = 35*l + 200. List the prime factors of m(28).
2, 5, 59
Let z(b) = -3*b**2 + 12*b - 7. Let r = 20 - 10. Let v be z(r). Let w = -119 - v. List the prime factors of w.
2, 17
Let y be (-4)/(-10) - 792/(-120). Let u = y - -9. List the prime factors of u.
2
Suppose 5710 = -15*z + 25*z. List the prime factors of z.
571
Let f(o) = 2*o**2 + 4*o - 62. What are the prime factors of f(-12)?
2, 89
Suppose 0 = m - 3*v - 174, 8*m + 5*v = 4*m + 713. What are the prime factors of m?
3, 59
Let x(g) = 2*g**2 + g + 1. Let d be x(-6). Suppose n - 4*n + i + 201 = 0, -d = -n - 4*i. What are the prime factors of n?
67
Let h = -1528 - -5453. What are the prime factors of h?
5, 157
Let n(u) = -u**2 - 17*u - 33. Suppose -13 = -s + 3*s + 5*z, -62 = 4*s - 2*z. List the prime factors of n(s).
3
Let q(h) be the second derivative of -3*h**4/4 - 4*h**3/3 - 3*h**2 + 6*h. Let x(a) = -a**2 - a - 1. Let b(k) = -q(k) + 6*x(k). List the prime factors of b(-2).
2
Let g(o) = 8*o - 30. Suppose 5*c = -3*u + 47, 4*c = 4*u - 0*c - 52. Let v be g(u). Suppose 4 = 2*l - 5*j - v, 5*j - 58 = -l. List the prime factors of l.
2, 3
Let d be -366 + -4 + 2 + -1. Let v = d - -557. List the prime factors of v.
2, 47
What are the prime factors of (-2)/(-4) + 11802/28?
2, 211
Suppose 8*c = 4 + 28. Suppose 15*z - 1419 = c*z. What are the prime factors of z?
3, 43
Let k = 77 - 62. What are the prime factors of -1 - (-699)/(k/5)?
2, 29
Let s(h) = -h - 8. Let z be s(-12). Suppose -4*u = -z*k - 0*u - 12, 0 = 3*u - 3. List the prime factors of (-49)/(-2) - k/4.
5
Let i(w) = w**3 + 17*w**2 + 28*w - 4. What are the prime factors of i(-10)?
2, 13
Suppose 5*a + 10 = 75. Let k = 24 - a. Suppose -3*h = -k - 82. What are the prime factors of h?
31
Let z be 85/30*2*3. Let y = 44 - z. Suppose -v = b - 41 - y, -3*b - 4*v = -200. List the prime factors of b.
2, 3
Suppose -13*a + 8795 - 306 = 0. List the prime factors of a.
653
Let v(b) = -26*b**3 + 5*b**2 - 5*b. Let c be v(2). Let z = -124 - c. What are the prime factors of z?
2, 37
Suppose 2*f - 8 - 4 = -5*g, 4*g = -5*f + 13. Suppose -g*m = -m. Suppose v + 5 - 20 = m. List the prime factors of v.
3, 5
Suppose -s = -2*s + 186. List the prime factors of s.
2, 3, 31
Let l(c) = -71*c - 162. What are the prime factors of l(-6)?
2, 3, 11
Let f(m) = -2*m**2 - 32*m + 2. Let q be f(-16). Suppose q*a = -4*y + 78, 4*a + 2*y - 7*y - 143 = 0. List the prime factors of a.
37
Let n(p) = -37*p**2. Let d be n(1). Let f = d + 25. Let i = f - -23. List the prime factors of i.
11
Let c be 80 + 4/2*3/(-6). Let d = 152 - c. What are the prime factors of d?
73
Let b = 8 - 22. Let x = -14 - b. Let p(a) = a + 6. What are the prime factors of p(x)?
2, 3
Suppose 1058 = -10*r + 13*r - 2*y, 0 = -3*r - 2*y + 1054. What are the prime factors of r?
2, 11
Suppose -7*u + 69 = 27. Let f(l) = -l**3 + 7*l**2 + 3*l + 1. List the prime factors of f(u).
5, 11
What are the prime factors of ((-3)/36 - 5/(-15))*5752?
2, 719
Let o = 2 + 0. Suppose -2 = o*w - 18. What are the prime factors of w?
2
Suppose -5*s + 2837 = 3*f, -4*f + 0 - 4 = 0. List the prime factors of s.
2, 71
Let z = 16 - 14. Suppose -z*t = -5*t. Suppose -4*l + t*l + 98 = 5*c, -3*l + 3*c + 87 = 0. What are the prime factors of l?
3
Let m be 11/(231/(-28))*(-1038)/(-4). Let s = -224 - m. What are the prime factors of s?
2, 61
Let r be (-2)/(-3) - (-242)/6. Suppose r*u = 37*u + 704. What are the prime factors of u?
2, 11
Suppose 3*h - 18 + 3 = 0. Suppose 0 = -h*z + 105 + 835. List the prime factors of z.
2, 47
Let j be ((-8)/5)/((-5)/75). Let m = j + -20. What are the prime factors of m?
2
Suppose -i = -2*g - 103 - 133, i + 4*g = 230. List the prime factors of i.
2, 3, 13
Suppose 104 = -3*b + 107, 2845 = p + 3*b. List the prime factors of p.
2, 7, 29
Let w(x) = -12*x + 7. Let r(f) = f**3 - 13*f**2 - f + 5. Let h be r(13). List the prime factors of w(h).
103
Let k be 20/6 + 1/(-3). Suppose -69 = k*n + 3. What are the prime factors of ((-3)/4)/(1/n)?
2, 3
Suppose 3*t = -2*w + 7*w - 3, 2*w = -5*t + 26. Suppose 0 = -k + 6 - w. List the prime factors of 5/((-20)/(-12))*k.
3
Suppose 43*z - 188216 = -13*z. What are the prime factors of z?
3361
Let d = 30 + -30. Suppose -120 = -3*x - 3*h, d*h + 88 = 2*x + 4*h. List the prime factors of x.
2, 3
Suppose 4*t - 38 = 1430. What are the prime factors of t?
367
Let d = 45 - 43. List the prime factors of (7 + -3)/d + 30.
2
Let x(j) = -628*j - 115. What are the prime factors of x(-2)?
7, 163
Suppose 5*c = 4*n + 2*c - 79, 2*n - 2*c - 40 = 0. Let l = -16 + n. What are the prime factors of (34/8)/(l/12)?
17
Let n = -7 + 132. What are the prime factors of n?
5
Suppose -3*u = -2*k + 1241, u + 41 + 582 = k. List the prime factors of k.
2, 157
Suppose -h = 4*c - 69, -2*c - 180 = -3*h - 5*c. Suppose -72 = -3*w + h. List the prime factors of w.
43
Suppose -2*c = -0*c + 218. Let p = 294 + c. What are the prime factors of p?
5, 37
Suppose 0 = 200*j - 224*j + 85560. List the prime factors of j.
5, 23, 31
Let t(s) = -s**3 + 4*s**2 + 6*s - 6. Let z be t(5). Let g be -3 + (-3 + 1)*(-15)/10. What are the prime factors of -3 + g + (-14)/z?
11
Let p(l) = -2*l + 17. Let i be p(7). Suppose -24 = -i*m + m. List the prime factors of m.
2, 3
Let m = 23 + -43. Let i be (-26)/(-4) + (-3)/(-2). List the prime factors of (-356)/(-10) - i/m.
2, 3
Let a(o) = 6*o**2 + 10*o - 4. What are the prime factors of a(7)?
2, 3, 5
Let a(i) = -39*i**3 + 3*i**2 - i + 5. List the prime factors of a(-2).
331
Suppose 2*l = -2*l + 4*d + 16, -2*l = 4*d + 4. Let g(n) be the third derivative of n**5/15 + n**4/24 + n**3/3 - 2*n**2. List the prime factors of g(l).
2, 5
Suppose 11 = -g + k + 49, -10 = 2*k. Suppose 0 = -3*o + 3, 2*o + 110 = 5*r - g. Let p = r + -16. What are the prime factors of p?
13
Let s = -322 + 898. Suppose -s - 16 = -8*y. List the prime factors of y.
2, 37
Let h(a) = -a**2 - 9*a - 12. Let b be h(-9). Let d = -10 - b. Suppose 43 + 43 = 4*l - d*k, -4*l + 5*k = -95. List the prime factors of l.
2, 5
Suppose -s = -v - 56, v + 274 = 5*s - v. Suppose s = -3*i + 69. List the prime factors of i.
5
Let b(x) = -x**2 - 4*x + 7. Let w be b(-5). Suppose 9 = -w*s + 51. Suppose s = -g - 4*o + 84, g + 2*o = 57. List the prime factors of g.
3, 17
Let s be (-6)/3*9/6. Let m be (s - -12) + 4/(-1). Suppose -2*l + m*f = -3*l + 36, -4*f = -2*l + 72. What are the prime factors of l?
2, 3
Suppose -1 = 4*u + 15. Let i(l) = 2*l**2 + 2*l - 8. Let b be i(u). Suppose 18*m - b*m - 40 = 0. List the prime factors of m.
2, 5
Suppose -2*n = -2*r + 4, -n + 8 = -6*n + 3*r. What are the prime factors of -64*(-1)/(1/(n/(-1)))?
2
Suppose 2*m = m - 1. Let f be (-1)/(72/70 + m). Let k = -12 - f. What are the prime factors of k?
23
Let z(h) = 46*h**2 - 21*h + 71. What are the prime factors of z(5)?
2, 3, 31
Let q(y) = 3*y**2 + 28*y + 6. Suppose -4*o = w + 16, -3*w - 4*o - 32 = -8*o. List the prime factors of q(w).
2, 3, 17
Suppose 764 = 4*g - 168. What are the prime factors of g?
233
List the prime factors of -421*10/30*-9.
3, 421
Let s be (-36)/7*42/(-9). Suppose 0*h + s = 4*h. Suppose -3*w = j - h*j - 63, -2*w + 35 = -j. What are the prime factors of w?
2
Suppose -4*z + 12 = 4*h - 24, -2*h + z = -30. Let o = h - 0. List the prime factors of o.
13
Suppose 5*z - 146 = 2*f, -3*z + 5*z - f - 59 = 0. Suppose v + v = z. What are the prime factors of v?
2, 7
Let x(o) = -o**2 + 10*o + 15. Suppose 0 = 2*l - 24 - 0. Let s be x(l). Let p = s - -11. List the prime factors of p.
2
Let j = 34 + -30. What are the prime factors of (-2)/j - 23/(-2)?
11
Let o be (-1)/(-5) - (-19)/5. Suppose o*f - 9 = -13. Let w = f + 24. List the prime factors of w.
23
Suppose 0 = -14*g + 9*g. Let l = 142 - 61. Suppose -3*x + 0*x + l = g. List the prime factors of x.
3
Suppose -25 = -4*p - p. Suppose -p*y + 103 + 12 = 0. List the prime factors of y.
23
Let o = 320 - 98. What are the prime factors of o?
2, 3,